{"id":1201,"date":"2021-01-28T07:23:41","date_gmt":"2021-01-28T07:23:41","guid":{"rendered":"https:\/\/dev.ficiatolyesi.com\/?page_id=1201"},"modified":"2021-02-02T17:28:59","modified_gmt":"2021-02-02T14:28:59","slug":"hakkimizda","status":"publish","type":"page","link":"https:\/\/ficiatolyesi.com\/?page_id=1201","title":{"rendered":"HAKKIMIZDA"},"content":{"rendered":"<p>[vc_row][vc_column width=&#8221;1\/3&#8243;][vc_single_image image=&#8221;1188&#8243; img_size=&#8221;full&#8221;][\/vc_column][vc_column width=&#8221;1\/3&#8243;][vc_single_image image=&#8221;1189&#8243; img_size=&#8221;full&#8221;][\/vc_column][vc_column width=&#8221;1\/3&#8243;][vc_single_image image=&#8221;1190&#8243; img_size=&#8221;full&#8221;][\/vc_column][\/vc_row][vc_row][vc_column][vc_column_text]Kullan\u0131lm\u0131\u015f f\u0131\u00e7\u0131lar\u0131n\u0131z\u0131 daha \u00e7evreci bir \u015farap \u00fcretimi i\u00e7in yeniliyoruz.<\/p>\n<p>\u015earap f\u0131\u00e7\u0131lar\u0131 belirli bir s\u00fcre kullan\u0131m\u0131n ard\u0131ndan t\u00fckenir yani n\u00f6tr hale gelir. \u00d6m\u00fcrlerini uzatmak ve geri kazanmak i\u00e7in yapt\u0131\u011f\u0131m\u0131z ara\u015ft\u0131rma ve geli\u015ftirme \u00e7al\u0131\u015fmalar\u0131 sonucunda \u00f6zel tasarlad\u0131\u011f\u0131m\u0131z bilgisayar programl\u0131 makineler ile \u015farap f\u0131\u00e7\u0131lar\u0131n\u0131 tekrar kullan\u0131labilir hale getiriyoruz.<\/p>\n<p>Uzun y\u0131llar s\u00fcren ara\u015ft\u0131rmalar\u0131m\u0131z ve testlerden sonra Barbossa F\u0131\u00e7\u0131\u00a0At\u00f6lyesi olarak, me\u015fe g\u00f6zeneklerinde kalan \u015farap kal\u0131nt\u0131s\u0131, tartar veya kirletici maddelerin bulunma riskini etkin bir \u015fekilde ortadan kald\u0131ran, ayn\u0131 zamanda f\u0131\u00e7\u0131 yap\u0131s\u0131n\u0131n b\u00fct\u00fcnl\u00fc\u011f\u00fcnden de \u00f6d\u00fcn vermemesini sa\u011flayan bir \u201cyeniden i\u015fleme\u201d s\u00fcreci geli\u015ftirdik.. Yenile\u015ftirilecek f\u0131\u00e7\u0131lar\u0131 kapsaml\u0131 bir i\u00e7 ve d\u0131\u015f muayeneden ge\u00e7irdikten sonra i\u015fleme al\u0131yoruz ve i\u015flem esnas\u0131nda f\u0131\u00e7\u0131lar\u0131n ah\u015faplar\u0131n\u0131\u00a05,00 mm\u00a0civar\u0131nda\u00a0t\u0131ra\u015fl\u0131yoruz.<\/p>\n<p>\u0130\u00e7 y\u00fczeyi\u00a0yenilenen\u00a0f\u0131\u00e7\u0131lar, kavurma (toasting)\u00a0i\u015fleminden ge\u00e7tikten sonra\u00a0 \u015farab\u0131n\u0131za yeni bir f\u0131\u00e7\u0131ya g\u00f6re; biraz daha yumu\u015fak ve daha yava\u015f bir h\u0131zda, furfural, trans-me\u015fe laktonlar\u0131, vanillunlar, tanenler ve di\u011fer me\u015fe bile\u015fiklerini verirken, ayn\u0131 zamanda oksijenasyon\u00a0kabiliyetini\u00a0de artt\u0131r\u0131yor. Geri d\u00f6n\u00fc\u015f\u00fcm\u00fc ger\u00e7ekle\u015fen f\u0131\u00e7\u0131,\u00a0\u015farab\u0131n\u0131za orijinal f\u0131\u00e7\u0131 \u00fcreticisinin imza ve stilini koruyarak, ayn\u0131 karakteri ve me\u015fe profilini verecektir.<\/p>\n<p>F\u0131\u00e7\u0131 \u00f6mr\u00fcn\u00fc iki kat\u0131na \u00e7\u0131karan bu\u00a0yenile\u015ftirme\u00a0s\u00fcreci\u00a0sayesinde yeni f\u0131\u00e7\u0131 \u00fcretiminde t\u00fcketilen orman miktar\u0131 yar\u0131ya indiriliyor. Yeni f\u0131\u00e7\u0131lar\u0131n nakliyesi esnas\u0131nda olu\u015fan karbon ayak izini azalt\u0131yor. Ye\u015fil ve \u00e7evreci bir \u015farap \u00fcretimi ger\u00e7ekle\u015firken, ayn\u0131 zamanda f\u0131\u00e7\u0131 maliyetlerinin d\u00fc\u015fmesi, yeni f\u0131\u00e7\u0131 temin edilirken \u00f6denen ek masraflar\u0131n ortadan kalkmas\u0131 ve verimlili\u011fin artmas\u0131 ile ek faydalar sa\u011fl\u0131yor. Bunun yan\u0131 s\u0131ra ekonomik anlamda sa\u011flanan en b\u00fcy\u00fck fayda ise \u00fcreticinin yurt i\u00e7inde ve yurt d\u0131\u015f\u0131nda daha rekabet\u00e7i olmas\u0131na imk\u00e2n sa\u011fl\u0131yor olmas\u0131d\u0131r.[\/vc_column_text][\/vc_column][\/vc_row]<\/p>\n","protected":false},"excerpt":{"rendered":"<p>[vc_row][vc_column width=&#8221;1\/3&#8243;][vc_single_image image=&#8221;1188&#8243; img_size=&#8221;full&#8221;][\/vc_column][vc_column width=&#8221;1\/3&#8243;][vc_single_image image=&#8221;1189&#8243; img_size=&#8221;full&#8221;][\/vc_column][vc_column width=&#8221;1\/3&#8243;][vc_single_image image=&#8221;1190&#8243; img_size=&#8221;full&#8221;][\/vc_column][\/vc_row][vc_row][vc_column][vc_column_text]Kullan\u0131lm\u0131\u015f f\u0131\u00e7\u0131lar\u0131n\u0131z\u0131 daha \u00e7evreci bir \u015farap \u00fcretimi i\u00e7in yeniliyoruz. \u015earap f\u0131\u00e7\u0131lar\u0131 belirli bir s\u00fcre kullan\u0131m\u0131n ard\u0131ndan t\u00fckenir yani n\u00f6tr hale gelir. \u00d6m\u00fcrlerini uzatmak ve geri kazanmak i\u00e7in yapt\u0131\u011f\u0131m\u0131z ara\u015ft\u0131rma ve geli\u015ftirme \u00e7al\u0131\u015fmalar\u0131 sonucunda \u00f6zel tasarlad\u0131\u011f\u0131m\u0131z bilgisayar programl\u0131 makineler ile \u015farap f\u0131\u00e7\u0131lar\u0131n\u0131 tekrar kullan\u0131labilir hale getiriyoruz. Uzun&hellip;<\/p>\n","protected":false},"author":1,"featured_media":0,"parent":0,"menu_order":0,"comment_status":"closed","ping_status":"closed","template":"","meta":{"footnotes":""},"_links":{"self":[{"href":"https:\/\/ficiatolyesi.com\/index.php?rest_route=\/wp\/v2\/pages\/1201"}],"collection":[{"href":"https:\/\/ficiatolyesi.com\/index.php?rest_route=\/wp\/v2\/pages"}],"about":[{"href":"https:\/\/ficiatolyesi.com\/index.php?rest_route=\/wp\/v2\/types\/page"}],"author":[{"embeddable":true,"href":"https:\/\/ficiatolyesi.com\/index.php?rest_route=\/wp\/v2\/users\/1"}],"replies":[{"embeddable":true,"href":"https:\/\/ficiatolyesi.com\/index.php?rest_route=%2Fwp%2Fv2%2Fcomments&post=1201"}],"version-history":[{"count":7,"href":"https:\/\/ficiatolyesi.com\/index.php?rest_route=\/wp\/v2\/pages\/1201\/revisions"}],"predecessor-version":[{"id":1233,"href":"https:\/\/ficiatolyesi.com\/index.php?rest_route=\/wp\/v2\/pages\/1201\/revisions\/1233"}],"wp:attachment":[{"href":"https:\/\/ficiatolyesi.com\/index.php?rest_route=%2Fwp%2Fv2%2Fmedia&parent=1201"}],"curies":[{"name":"wp","href":"https:\/\/api.w.org\/{rel}","templated":true}]}}